{"id":11,"date":"2018-03-27T06:21:01","date_gmt":"2018-03-27T06:21:01","guid":{"rendered":"http:\/\/cssf.de\/?page_id=11"},"modified":"2024-06-24T12:40:33","modified_gmt":"2024-06-24T12:40:33","slug":"dsgvo","status":"publish","type":"page","link":"https:\/\/cssf.de\/?page_id=11","title":{"rendered":"DSGVO"},"content":{"rendered":"<div class=\"_2WD2f\" data-block=\"true\" data-editor=\"cgvjf\" data-offset-key=\"1doc6-0-0\">\n<div class=\"public-DraftStyleDefault-block public-DraftStyleDefault-ltr\" data-offset-key=\"1doc6-0-0\"><span style=\"color: #008000;\" data-offset-key=\"1doc6-0-0\"><img loading=\"lazy\" decoding=\"async\" class=\"alignnone size-full wp-image-64\" src=\"https:\/\/cssf.de\/wp-content\/uploads\/2018\/03\/DSGVO.jpg\" alt=\"\" width=\"425\" height=\"282\" srcset=\"https:\/\/cssf.de\/wp-content\/uploads\/2018\/03\/DSGVO.jpg 425w, https:\/\/cssf.de\/wp-content\/uploads\/2018\/03\/DSGVO-300x199.jpg 300w\" sizes=\"(max-width: 425px) 100vw, 425px\" \/>\u00a0<\/span><\/div>\n<\/div>\n<div class=\"_2WD2f\" data-block=\"true\" data-editor=\"cgvjf\" data-offset-key=\"5j32g-0-0\">\n<div data-offset-key=\"5j32g-0-0\"><\/div>\n<div class=\"public-DraftStyleDefault-block public-DraftStyleDefault-ltr\" data-offset-key=\"5j32g-0-0\"><span style=\"color: #008000;\" data-offset-key=\"5j32g-0-0\">Datenschutzerkl\u00e4rung<\/span><\/div>\n<\/div>\n<div class=\"_2WD2f\" data-block=\"true\" data-editor=\"cgvjf\" data-offset-key=\"2r3bl-0-0\">\n<div class=\"public-DraftStyleDefault-block public-DraftStyleDefault-ltr\" data-offset-key=\"2r3bl-0-0\"><span style=\"color: #008000;\" data-offset-key=\"2r3bl-0-0\">\u00a0<\/span><\/div>\n<\/div>\n<div class=\"_2WD2f\" data-block=\"true\" data-editor=\"cgvjf\" data-offset-key=\"18ot7-0-0\">\n<div class=\"public-DraftStyleDefault-block public-DraftStyleDefault-ltr\" data-offset-key=\"18ot7-0-0\"><span style=\"color: #008000;\" data-offset-key=\"18ot7-0-0\">Der Schutz und die Sicherheit von pers\u00f6nlichen Daten hat bei mir eine hohe Priorit\u00e4t. Daher halte ich mich strikt an die Regeln des deutschen Bundesdatenschutzgesetzes (BDSG). Nachfolgend werden Sie dar\u00fcber informiert, welche Art von Daten erfasst und zu welchem Zweck sie erhoben werden:<\/span><\/div>\n<\/div>\n<div class=\"_2WD2f\" data-block=\"true\" data-editor=\"cgvjf\" data-offset-key=\"18g03-0-0\">\n<div class=\"public-DraftStyleDefault-block public-DraftStyleDefault-ltr\" data-offset-key=\"18g03-0-0\"><span style=\"color: #008000;\" data-offset-key=\"18g03-0-0\">\u00a0<\/span><\/div>\n<\/div>\n<div class=\"_2WD2f\" data-block=\"true\" data-editor=\"cgvjf\" data-offset-key=\"2d6sn-0-0\">\n<div class=\"public-DraftStyleDefault-block public-DraftStyleDefault-ltr\" data-offset-key=\"2d6sn-0-0\"><span style=\"color: #008000;\" data-offset-key=\"2d6sn-0-0\">1. Daten\u00fcbermittlung \/Datenprotokollierung Beim Besuch dieser Seite verzeichnet der Web-Server automatisch Log-Files, die keiner bestimmten Person zugeordnet werden k\u00f6nnen. Diese Daten beinhalten z. B. den Browsertyp und -version, verwendetes Betriebssystem, Referrer URL (die zuvor besuchte Seite), IP-Adresse des anfragenden Rechners, Zugriffsdatum und -uhrzeit der Serveranfrage und die Dateianfrage des Client (Dateiname und URL). Diese Daten werden nur zum Zweck der statistischen Auswertung gesammelt. Eine Weitergabe an Dritte, zu kommerziellen oder nichtkommerziellen Zwecken, findet nicht statt.<\/span><\/div>\n<\/div>\n<div class=\"_2WD2f\" data-block=\"true\" data-editor=\"cgvjf\" data-offset-key=\"alqeg-0-0\">\n<div class=\"public-DraftStyleDefault-block public-DraftStyleDefault-ltr\" data-offset-key=\"alqeg-0-0\"><span style=\"color: #008000;\" data-offset-key=\"alqeg-0-0\">\u00a0<\/span><\/div>\n<\/div>\n<div class=\"_2WD2f\" data-block=\"true\" data-editor=\"cgvjf\" data-offset-key=\"fto7e-0-0\">\n<div class=\"public-DraftStyleDefault-block public-DraftStyleDefault-ltr\" data-offset-key=\"fto7e-0-0\"><span style=\"color: #008000;\" data-offset-key=\"fto7e-0-0\">2. Nutzung pers\u00f6nlicher Daten Pers\u00f6nliche Daten werden nur erhoben oder verarbeitet, wenn Sie diese Angaben freiwillig, z.B. im Rahmen einer Anfrage mitteilen. Sofern keine erforderlichen Gr\u00fcnde im Zusammenhang mit einer Gesch\u00e4ftsabwicklung bestehen, k\u00f6nnen Sie jederzeit die zuvor erteilte Genehmigung Ihrer pers\u00f6nlichen Datenspeicherung mit sofortiger Wirkung schriftlich (z.B. per E-Mail ) widerrufen. Ihre Daten werden nicht an Dritte weitergeben, es sei denn, eine Weitergabe ist aufgrund gesetzlicher Vorschriften erforderlich.<\/span><\/div>\n<\/div>\n<div class=\"_2WD2f\" data-block=\"true\" data-editor=\"cgvjf\" data-offset-key=\"eafrs-0-0\">\n<div class=\"public-DraftStyleDefault-block public-DraftStyleDefault-ltr\" data-offset-key=\"eafrs-0-0\"><span style=\"color: #008000;\" data-offset-key=\"eafrs-0-0\">\u00a0<\/span><\/div>\n<\/div>\n<div class=\"_2WD2f\" data-block=\"true\" data-editor=\"cgvjf\" data-offset-key=\"1q9pf-0-0\">\n<div class=\"public-DraftStyleDefault-block public-DraftStyleDefault-ltr\" data-offset-key=\"1q9pf-0-0\"><span style=\"color: #008000;\" data-offset-key=\"1q9pf-0-0\">3. Auskunft, \u00c4nderung und L\u00f6schung Ihrer Daten Gem\u00e4\u00df geltendem Recht k\u00f6nnen Sie jederzeit bei mir schriftlich nachfragen, ob und welche personenbezogenen Daten bei mir \u00fcber Sie gespeichert sind. Eine entsprechende Mitteilung hierzu erhalten Sie umgehend.<\/span><\/div>\n<\/div>\n<div class=\"_2WD2f\" data-block=\"true\" data-editor=\"cgvjf\" data-offset-key=\"93ph4-0-0\">\n<div class=\"public-DraftStyleDefault-block public-DraftStyleDefault-ltr\" data-offset-key=\"93ph4-0-0\"><span style=\"color: #008000;\" data-offset-key=\"93ph4-0-0\">\u00a0<\/span><\/div>\n<\/div>\n<div class=\"_2WD2f\" data-block=\"true\" data-editor=\"cgvjf\" data-offset-key=\"1708g-0-0\">\n<div class=\"public-DraftStyleDefault-block public-DraftStyleDefault-ltr\" data-offset-key=\"1708g-0-0\"><span style=\"color: #008000;\" data-offset-key=\"1708g-0-0\">4. Sicherheit Ihrer Daten Ihre mir zur Verf\u00fcgung gestellten pers\u00f6nlichen Daten werden durch Ergreifung aller technischen sowie organisatorischen Sicherheitsma\u00dfnahmen so gesichert, dass sie f\u00fcr den Zugriff unberechtigter Dritter unzug\u00e4nglich sind. Bei Versendung von sehr sensiblen Daten oder Informationen ist es empfehlenswert, den Postweg zu nutzen, da eine vollst\u00e4ndige Datensicherheit per E-Mail nicht gew\u00e4hrleistet werden kann.<\/span><\/div>\n<\/div>\n<div class=\"_2WD2f\" data-block=\"true\" data-editor=\"cgvjf\" data-offset-key=\"1uv0k-0-0\">\n<div class=\"public-DraftStyleDefault-block public-DraftStyleDefault-ltr\" data-offset-key=\"1uv0k-0-0\"><span style=\"color: #008000;\" data-offset-key=\"1uv0k-0-0\">\u00a0<\/span><\/div>\n<\/div>\n<div class=\"_2WD2f\" data-block=\"true\" data-editor=\"cgvjf\" data-offset-key=\"9f1tq-0-0\">\n<div class=\"public-DraftStyleDefault-block public-DraftStyleDefault-ltr\" data-offset-key=\"9f1tq-0-0\"><span style=\"color: #008000;\" data-offset-key=\"9f1tq-0-0\">5. Hinweis zu Google Analytics Diese Website benutzt Google Analytics, einen Webanalysedienst der Google Inc. (\u201eGoogle\u201c).\u00a0 Google Analytics verwendet sog. \u201eCookies\u201c, d. h. Textdateien, die auf Ihrem Computer gespeichert werden und die eine Analyse der Benutzung der Website durch Sie erm\u00f6glicht. Die durch den Cookie erzeugten Informationen \u00fcber Ihre Benutzung diese Website (einschlie\u00dflich Ihrer IP-Adresse) wird an einen Server von Google in den USA \u00fcbertragen und dort gespeichert. Google wird diese Informationen benutzen, um Ihre Nutzung der Website auszuwerten, um Reports \u00fcber die Websiteaktivit\u00e4ten f\u00fcr die Websitebetreiber zusammenzustellen und um weitere mit der Websitenutzung und der Internetnutzung verbundene Dienstleistungen zu erbringen. Auch wird Google diese Informationen gegebenenfalls an Dritte \u00fcbertragen, sofern dies gesetzlich vorgeschrieben oder soweit Dritte diese Daten im Auftrag von Google verarbeiten. Google wird in keinem Fall Ihre IP-Adresse mit anderen Daten der Google in Verbindung bringen. Sie k\u00f6nnen die Installation der Cookies durch eine entsprechende Einstellung Ihrer Browser Software verhindern; ich weise Sie jedoch darauf hin, dass Sie in diesem Fall gegebenenfalls nicht s\u00e4mtliche Funktionen dieser Website voll umf\u00e4nglich nutzen k\u00f6nnen. Durch die Nutzung dieser Website erkl\u00e4ren Sie sich mit der Bearbeitung der \u00fcber Sie erhobenen Daten durch Google in der zuvor beschriebenen Art und Weise und zu dem zuvor benannten Zweck einverstanden.<\/span><\/div>\n<\/div>\n<div class=\"_2WD2f\" data-block=\"true\" data-editor=\"cgvjf\" data-offset-key=\"a5hq4-0-0\">\n<div class=\"public-DraftStyleDefault-block public-DraftStyleDefault-ltr\" data-offset-key=\"a5hq4-0-0\"><span style=\"color: #008000;\" data-offset-key=\"a5hq4-0-0\">\u00a0<\/span><\/div>\n<\/div>\n<div class=\"_2WD2f\" data-block=\"true\" data-editor=\"cgvjf\" data-offset-key=\"1l8va-0-0\">\n<div class=\"public-DraftStyleDefault-block public-DraftStyleDefault-ltr\" data-offset-key=\"1l8va-0-0\"><span style=\"color: #008000;\" data-offset-key=\"1l8va-0-0\">6. Cookies Auf einigen unserer Seiten verwenden wir sog. &#8222;Session-Cookies&#8220;, um Ihnen die Nutzung meiner Webseiten zu erleichtern. Dabei handelt es sich um kleine Textdateien, die nur f\u00fcr die Dauer Ihres Besuchs unserer Webseite auf Ihrer Festplatte hinterlegt und abh\u00e4ngig von der Einstellung Ihres Browser-Programms beim Beenden des Browsers wieder gel\u00f6scht werden. Diese Cookies rufen keine auf Ihrer Festplatte \u00fcber Sie gespeicherten Informationen ab und beeintr\u00e4chtigen nicht Ihren PC oder ihre Dateien. Die meisten Browser sind so eingestellt, dass sie Cookies automatisch akzeptieren. Sie k\u00f6nnen das Speichern von Cookies jedoch deaktivieren oder ihren Browser so einstellen, dass er Sie auf die Sendung von Cookies hinweist.<\/span><\/div>\n<\/div>\n<div class=\"_2WD2f\" data-block=\"true\" data-editor=\"cgvjf\" data-offset-key=\"e0u2h-0-0\">\n<div class=\"public-DraftStyleDefault-block public-DraftStyleDefault-ltr\" data-offset-key=\"e0u2h-0-0\"><span style=\"color: #008000;\" data-offset-key=\"e0u2h-0-0\">\u00a0<\/span><\/div>\n<\/div>\n<div class=\"_2WD2f\" data-block=\"true\" data-editor=\"cgvjf\" data-offset-key=\"22m9o-0-0\">\n<div class=\"public-DraftStyleDefault-block public-DraftStyleDefault-ltr\" data-offset-key=\"22m9o-0-0\"><span style=\"color: #008000;\" data-offset-key=\"22m9o-0-0\">7. \u00c4nderungen dieser Datenschutzbestimmungen Wir werden diese Richtlinien zum Schutz Ihrer pers\u00f6nlichen Daten von Zeit zu Zeit aktualisieren. Sie sollten sich diese Richtlinien gelegentlich ansehen, um auf dem Laufenden dar\u00fcber zu bleiben, wie ich Ihre Daten sch\u00fctze und die Inhalte meine Website stetig verbessern. Sollten wir wesentliche \u00c4nderungen bei der Sammlung, der Nutzung und\/oder der Weitergabe der mir von Ihnen zur Verf\u00fcgung gestellten personenbezogenen Daten vornehmen, werden ich Sie durch einen eindeutigen und gut sichtbaren Hinweis auf der Website darauf aufmerksam machen. Mit der Nutzung der Webseite erkl\u00e4ren Sie sich mit den Bedingungen dieser Richtlinien zum Schutz pers\u00f6nlicher Daten einverstanden.<\/span><\/div>\n<\/div>\n<div class=\"_2WD2f\" data-block=\"true\" data-editor=\"cgvjf\" data-offset-key=\"5o9ou-0-0\">\n<div class=\"public-DraftStyleDefault-block public-DraftStyleDefault-ltr\" data-offset-key=\"5o9ou-0-0\"><span style=\"color: #008000;\" data-offset-key=\"5o9ou-0-0\">Bei Fragen zu diesen Datenschutzbestimmungen wenden Sie sich bitte \u00fcber unsere Kontakt-Seite an uns.<\/span><\/div>\n<\/div>\n","protected":false},"excerpt":{"rendered":"<p>\u00a0 Datenschutzerkl\u00e4rung \u00a0 Der Schutz und die Sicherheit von pers\u00f6nlichen Daten hat bei mir eine hohe Priorit\u00e4t. Daher halte ich mich strikt an die Regeln des deutschen Bundesdatenschutzgesetzes (BDSG). Nachfolgend werden Sie dar\u00fcber informiert, welche Art von Daten erfasst und zu welchem Zweck sie erhoben werden: \u00a0 1. Daten\u00fcbermittlung \/Datenprotokollierung Beim Besuch dieser Seite verzeichnet &hellip; <\/p>\n<p class=\"link-more\"><a href=\"https:\/\/cssf.de\/?page_id=11\" class=\"more-link\"><span class=\"screen-reader-text\">\u201eDSGVO\u201c<\/span> weiterlesen<\/a><\/p>\n","protected":false},"author":1,"featured_media":0,"parent":0,"menu_order":0,"comment_status":"closed","ping_status":"closed","template":"","meta":{"footnotes":""},"_links":{"self":[{"href":"https:\/\/cssf.de\/index.php?rest_route=\/wp\/v2\/pages\/11"}],"collection":[{"href":"https:\/\/cssf.de\/index.php?rest_route=\/wp\/v2\/pages"}],"about":[{"href":"https:\/\/cssf.de\/index.php?rest_route=\/wp\/v2\/types\/page"}],"author":[{"embeddable":true,"href":"https:\/\/cssf.de\/index.php?rest_route=\/wp\/v2\/users\/1"}],"replies":[{"embeddable":true,"href":"https:\/\/cssf.de\/index.php?rest_route=%2Fwp%2Fv2%2Fcomments&post=11"}],"version-history":[{"count":5,"href":"https:\/\/cssf.de\/index.php?rest_route=\/wp\/v2\/pages\/11\/revisions"}],"predecessor-version":[{"id":94,"href":"https:\/\/cssf.de\/index.php?rest_route=\/wp\/v2\/pages\/11\/revisions\/94"}],"wp:attachment":[{"href":"https:\/\/cssf.de\/index.php?rest_route=%2Fwp%2Fv2%2Fmedia&parent=11"}],"curies":[{"name":"wp","href":"https:\/\/api.w.org\/{rel}","templated":true}]}}